{"id":69,"date":"2010-12-10T20:01:45","date_gmt":"2010-12-10T18:01:45","guid":{"rendered":"http:\/\/www.mairie-facilement.com\/?page_id=69"},"modified":"2010-12-10T20:01:45","modified_gmt":"2010-12-10T18:01:45","slug":"adresses-utiles","status":"publish","type":"page","link":"https:\/\/www.mairie-facilement.com\/?page_id=69","title":{"rendered":"Adresses utiles"},"content":{"rendered":"<p><strong>Appel d&rsquo;urgence europ\u00e9en<br \/>\n<\/strong>T\u00e9l\u00e9phone: 112<\/p>\n<p><strong>Samu<\/strong><br \/>\nT\u00e9l\u00e9phone: 15<\/p>\n<p><strong>Pompiers<\/strong><br \/>\nT\u00e9l\u00e9phone: 18<\/p>\n<p><strong>Gendarmerie<\/strong><br \/>\nT\u00e9l\u00e9phone: 17<\/p>\n<p><strong>EDF-GDF<\/strong><br \/>\nT\u00e9l\u00e9phone:<br \/>\nNum\u00e9ro national EDF pour tous les renseignements<\/p>\n<p><strong>France T\u00e9l\u00e9com<\/strong><br \/>\nT\u00e9l\u00e9phone:<br \/>\nNum\u00e9ro de d\u00e9pannage national<\/p>\n<p><strong>Croix Rouge<\/strong><br \/>\nT\u00e9l\u00e9phone:<br \/>\nNum\u00e9ro Croix Rouge \u00c9coute<\/p>\n","protected":false},"excerpt":{"rendered":"<p>Appel d&rsquo;urgence europ\u00e9en T\u00e9l\u00e9phone: 112 Samu T\u00e9l\u00e9phone: 15 Pompiers T\u00e9l\u00e9phone: 18 Gendarmerie T\u00e9l\u00e9phone: 17 EDF-GDF T\u00e9l\u00e9phone: Num\u00e9ro national EDF pour tous les renseignements France T\u00e9l\u00e9com T\u00e9l\u00e9phone: Num\u00e9ro de d\u00e9pannage national Croix Rouge T\u00e9l\u00e9phone: Num\u00e9ro Croix Rouge \u00c9coute<\/p>\n","protected":false},"author":1,"featured_media":0,"parent":18,"menu_order":0,"comment_status":"closed","ping_status":"closed","template":"","meta":{"footnotes":""},"class_list":["post-69","page","type-page","status-publish","hentry"],"_links":{"self":[{"href":"https:\/\/www.mairie-facilement.com\/index.php?rest_route=\/wp\/v2\/pages\/69","targetHints":{"allow":["GET"]}}],"collection":[{"href":"https:\/\/www.mairie-facilement.com\/index.php?rest_route=\/wp\/v2\/pages"}],"about":[{"href":"https:\/\/www.mairie-facilement.com\/index.php?rest_route=\/wp\/v2\/types\/page"}],"author":[{"embeddable":true,"href":"https:\/\/www.mairie-facilement.com\/index.php?rest_route=\/wp\/v2\/users\/1"}],"replies":[{"embeddable":true,"href":"https:\/\/www.mairie-facilement.com\/index.php?rest_route=%2Fwp%2Fv2%2Fcomments&post=69"}],"version-history":[{"count":2,"href":"https:\/\/www.mairie-facilement.com\/index.php?rest_route=\/wp\/v2\/pages\/69\/revisions"}],"predecessor-version":[{"id":74,"href":"https:\/\/www.mairie-facilement.com\/index.php?rest_route=\/wp\/v2\/pages\/69\/revisions\/74"}],"up":[{"embeddable":true,"href":"https:\/\/www.mairie-facilement.com\/index.php?rest_route=\/wp\/v2\/pages\/18"}],"wp:attachment":[{"href":"https:\/\/www.mairie-facilement.com\/index.php?rest_route=%2Fwp%2Fv2%2Fmedia&parent=69"}],"curies":[{"name":"wp","href":"https:\/\/api.w.org\/{rel}","templated":true}]}}