{"id":325,"date":"2020-06-27T17:22:16","date_gmt":"2020-06-27T15:22:16","guid":{"rendered":"http:\/\/www.mairie-facilement.com\/?page_id=325"},"modified":"2020-06-27T17:33:24","modified_gmt":"2020-06-27T15:33:24","slug":"open-mairie","status":"publish","type":"page","link":"https:\/\/www.mairie-facilement.com\/?page_id=325","title":{"rendered":"Open Mairie"},"content":{"rendered":"\n<p><strong>Logiciel de gestion Mairies<\/strong><\/p>\n\n\n\n<p><strong>OpenMaire<\/strong> est un projet d\u00e9fini par les collectivit\u00e9s locales, et confirm\u00e9 par plusieurs centaines de mairies en France. D\u00e9velopp\u00e9 par une communaut\u00e9 de concepteurs, il est maintenu et enrichi en permanence en fonction des n\u00e9cessit\u00e9s.<br>De type logiciel libre, ce projet ind\u00e9pendant, est \u00e0 disposition de l'ensemble des mairies.<br>D\u00e9velopp\u00e9 en PHP, il est propos\u00e9 en serveur Cloud en acc\u00e8s illimit\u00e9..<\/p>\n\n\n\n<p>A<strong>pplications de base :<\/strong><\/p>\n\n\n\n<p>openElec : listes \u00e9lectorales<br>openR\u00e9sultat : R\u00e9sultats \u00e9lectoraux<br>openScrutin : composition des bureaux de vote<br>openADS (openFoncier) : Gestion des autorisations des droits du sol<br>openCourrier : Gestion du courrier<br>openCimeti\u00e8re : Gestion des concessions de cimeti\u00e8res<br>openARIA : Analyse du Risque Incendie et de l'Accessibilit\u00e9 pour les \u00c9tablissements Recevant du Public (Marseille)<br>openEPM : Logiciel de police municipale (ICM Service)<\/p>\n\n\n\n<p><strong>Applications sp\u00e9cifiques :<\/strong><\/p>\n\n\n\n<p>openPersonnalit\u00e9 : Gestion des envois aux personnalit\u00e9s (lettres, \u00e9tiquettes, mailing, \u2026)<br>openRegistreCIL : registre du correspondant informatique et libert\u00e9<br>openRecensement : Recensement des jeunes de 16 ans<br>openPlanning : gestion des ressources<br>openVieAssociative : pour les maisons des associations<br>openStock : Gestion de stocks et facturation<br>openRecouvrement : Recouvrement de titres<br>openMarches: Suivi des March\u00e9s (ville de Noisiel)<br>openDemande : Gestion des demandes des administr\u00e9s (propos\u00e9 par ICM Service)<\/p>\n\n\n\n<p>D<strong>es applications g\u00e9olocalis\u00e9es (SIG) :<\/strong><\/p>\n\n\n\n<p>openD\u00e9bitDeBoisson : Gestion des r\u00e9cepiss\u00e9s de demande de d\u00e9bit de boissons<br>openTaxePub : pour la gestion de la taxe sur la publicit\u00e9 (Vitrolles)<br>openCadastre : Fichier cadastraux et taxes de la DGI (Vitrolles)<br>openCirculation : Pour g\u00e9rer les arr\u00eat\u00e9s de circulation<br>openAssainissement : Propos\u00e9 par la commune de chateauGuibert (Vend\u00e9e)<br>openDomainePublic : Gestion des occupations du domaine public : Terrasses et \u00e9chaffaudage<br>openAdresse : Construire un r\u00e9f\u00e9rentiel adresse (Vitrolles)<br>openTriSelectif : Gestion des sacs de tri, container et composteur<br>openInscription : Pour g\u00e9rer les inscriptions \u00e0 des \u00e9v\u00e9nements (ACCM)<br>openVoie : Pour la gestion des travaux de voirie<br>openHygiene : Pour la gestion des dossier des services d'hygiene<br>openEntreprise : Pour la mise en place du referentiel entreprise<br>openADS (openFoncier) : Gestion des autorisations des droits du sol (Marseille)<br>openCimeti\u00e8re : Gestion des concessions de cimeti\u00e8res<br>openARIA : Analyse du Risque Incendie et de l'Accessibilit\u00e9 pour les \u00c9tablissements Recevant du Public (Marseille)<br>openR\u00e9ussite\u00c9ducative : Gestion des programmes de reussite \u00e9ducative (Arles)<\/p>\n\n\n\n<p><strong>Projet open Ecole :<\/strong><\/p>\n\n\n\n<p>openEcole_accompagnement : accompagnement scolaire (Arles)<br>openEcole_periscolaire : gestion temps p\u00e9ri scolaire (Arles)<\/p>\n\n\n\n<p>P<strong>rojet openHistoire :<\/strong><\/p>\n\n\n\n<p>Gestion du patrimoine, archive pour openData (Arles)<br>openMarch\u00e9Forain : Gestion des commer\u00e7ants non s\u00e9dentaires sur les march\u00e9s forains (ville de Marseille)<\/p>\n\n\n\n<p><strong>En cours de r\u00e9alisation\u2026 :<\/strong><\/p>\n\n\n\n<p>openR\u00e9gie : gestion des r\u00e9gies (arr\u00eat\u00e9 d\u00e9cision compte DFT compte tr\u00e9sor \u2026)<br>openOp\u00e9ration : pour g\u00e9rer le financement des op\u00e9rations d'investissement<\/p>\n","protected":false},"excerpt":{"rendered":"<p>Logiciel de gestion Mairies OpenMaire est un projet d\u00e9fini par les collectivit\u00e9s locales, et confirm\u00e9 par plusieurs centaines de mairies en France. D\u00e9velopp\u00e9 par une communaut\u00e9 de concepteurs, il est maintenu et enrichi en permanence en fonction des n\u00e9cessit\u00e9s.De type logiciel libre, ce projet ind\u00e9pendant, est \u00e0 disposition de l&rsquo;ensemble des mairies.D\u00e9velopp\u00e9 en PHP, il [&hellip;]<\/p>\n","protected":false},"author":2,"featured_media":0,"parent":16,"menu_order":0,"comment_status":"closed","ping_status":"closed","template":"","meta":{"footnotes":""},"class_list":["post-325","page","type-page","status-publish","hentry"],"_links":{"self":[{"href":"https:\/\/www.mairie-facilement.com\/index.php?rest_route=\/wp\/v2\/pages\/325","targetHints":{"allow":["GET"]}}],"collection":[{"href":"https:\/\/www.mairie-facilement.com\/index.php?rest_route=\/wp\/v2\/pages"}],"about":[{"href":"https:\/\/www.mairie-facilement.com\/index.php?rest_route=\/wp\/v2\/types\/page"}],"author":[{"embeddable":true,"href":"https:\/\/www.mairie-facilement.com\/index.php?rest_route=\/wp\/v2\/users\/2"}],"replies":[{"embeddable":true,"href":"https:\/\/www.mairie-facilement.com\/index.php?rest_route=%2Fwp%2Fv2%2Fcomments&post=325"}],"version-history":[{"count":3,"href":"https:\/\/www.mairie-facilement.com\/index.php?rest_route=\/wp\/v2\/pages\/325\/revisions"}],"predecessor-version":[{"id":329,"href":"https:\/\/www.mairie-facilement.com\/index.php?rest_route=\/wp\/v2\/pages\/325\/revisions\/329"}],"up":[{"embeddable":true,"href":"https:\/\/www.mairie-facilement.com\/index.php?rest_route=\/wp\/v2\/pages\/16"}],"wp:attachment":[{"href":"https:\/\/www.mairie-facilement.com\/index.php?rest_route=%2Fwp%2Fv2%2Fmedia&parent=325"}],"curies":[{"name":"wp","href":"https:\/\/api.w.org\/{rel}","templated":true}]}}